{"id":7893,"date":"2025-05-24T11:52:40","date_gmt":"2025-05-24T09:52:40","guid":{"rendered":"https:\/\/constant-balance.com\/?page_id=7893"},"modified":"2025-05-25T14:06:03","modified_gmt":"2025-05-25T12:06:03","slug":"profiling","status":"publish","type":"page","link":"https:\/\/constant-balance.com\/englische-version\/profiling\/","title":{"rendered":"Profiling"},"content":{"rendered":"<div data-elementor-type=\"wp-page\" data-elementor-id=\"7893\" class=\"elementor elementor-7893\" data-elementor-post-type=\"page\">\n\t\t\t\t\t\t<section class=\"elementor-section elementor-top-section elementor-element elementor-element-49842e73 elementor-section-boxed elementor-section-height-default elementor-section-height-default\" data-id=\"49842e73\" data-element_type=\"section\" data-e-type=\"section\">\n\t\t\t\t\t\t<div class=\"elementor-container elementor-column-gap-default\">\n\t\t\t\t\t<div class=\"elementor-column elementor-col-100 elementor-top-column elementor-element elementor-element-205abec\" data-id=\"205abec\" data-element_type=\"column\" data-e-type=\"column\">\n\t\t\t<div class=\"elementor-widget-wrap elementor-element-populated\">\n\t\t\t\t\t\t<div class=\"elementor-element elementor-element-311e8f7f elementor-widget elementor-widget-heading\" data-id=\"311e8f7f\" data-element_type=\"widget\" data-e-type=\"widget\" data-widget_type=\"heading.default\">\n\t\t\t\t<div class=\"elementor-widget-container\">\n\t\t\t\t\t<h2 class=\"elementor-heading-title elementor-size-default\">Salutogenetisches Profiling<\/h2>\t\t\t\t<\/div>\n\t\t\t\t<\/div>\n\t\t\t\t<div class=\"elementor-element elementor-element-1b98fb20 elementor-widget elementor-widget-text-editor\" data-id=\"1b98fb20\" data-element_type=\"widget\" data-e-type=\"widget\" data-widget_type=\"text-editor.default\">\n\t\t\t\t<div class=\"elementor-widget-container\">\n\t\t\t\t\t\t\t\t\t<p>Das intuitive Profiling bietet Ihnen einen facettenreichen Einblick in Ihre wahren F\u00e4higkeiten. Unsere Pr\u00e4gung hindert uns oft daran, unsere Berufung zu erkennen. Zudem blockieren wir uns selbst durch von uns oder anderen gesetzte Elementale, die auch als Besetzungen bekannt sind. Innere und \u00e4u\u00dfere Konflikte im Privat- und Berufsleben stellen ebenfalls Hindernisse f\u00fcr klares Handeln dar.<br \/><br \/>Profiling ist ein Prozess, der Ihnen verdeutlicht, woran es liegt und was nicht mehr zu Ihnen geh\u00f6rt. Er ebnet den Weg zur Vision und zum Handeln.<\/p><p>Dieser Prozess ist ortsunabh\u00e4ngig und kann per Videokonferenz durchgef\u00fchrt werden<\/p>\t\t\t\t\t\t\t\t<\/div>\n\t\t\t\t<\/div>\n\t\t\t\t\t<\/div>\n\t\t<\/div>\n\t\t\t\t\t<\/div>\n\t\t<\/section>\n\t\t\t\t<\/div>","protected":false},"excerpt":{"rendered":"<p>Salutogenetisches Profiling Das intuitive Profiling bietet Ihnen einen facettenreichen Einblick in Ihre wahren F\u00e4higkeiten. Unsere Pr\u00e4gung hindert uns oft daran, unsere Berufung zu erkennen. Zudem blockieren wir uns selbst durch von uns oder anderen gesetzte Elementale, die auch als Besetzungen bekannt sind. Innere und \u00e4u\u00dfere Konflikte im Privat- und Berufsleben stellen ebenfalls Hindernisse f\u00fcr klares [&hellip;]<\/p>","protected":false},"author":1,"featured_media":0,"parent":0,"menu_order":0,"comment_status":"closed","ping_status":"closed","template":"","meta":{"footnotes":""},"class_list":["post-7893","page","type-page","status-publish","hentry"],"_links":{"self":[{"href":"https:\/\/constant-balance.com\/englische-version\/wp-json\/wp\/v2\/pages\/7893","targetHints":{"allow":["GET"]}}],"collection":[{"href":"https:\/\/constant-balance.com\/englische-version\/wp-json\/wp\/v2\/pages"}],"about":[{"href":"https:\/\/constant-balance.com\/englische-version\/wp-json\/wp\/v2\/types\/page"}],"author":[{"embeddable":true,"href":"https:\/\/constant-balance.com\/englische-version\/wp-json\/wp\/v2\/users\/1"}],"replies":[{"embeddable":true,"href":"https:\/\/constant-balance.com\/englische-version\/wp-json\/wp\/v2\/comments?post=7893"}],"version-history":[{"count":4,"href":"https:\/\/constant-balance.com\/englische-version\/wp-json\/wp\/v2\/pages\/7893\/revisions"}],"predecessor-version":[{"id":8023,"href":"https:\/\/constant-balance.com\/englische-version\/wp-json\/wp\/v2\/pages\/7893\/revisions\/8023"}],"wp:attachment":[{"href":"https:\/\/constant-balance.com\/englische-version\/wp-json\/wp\/v2\/media?parent=7893"}],"curies":[{"name":"wp","href":"https:\/\/api.w.org\/{rel}","templated":true}]}}